1510?
246
Calculate the remainder when 303401 is divided by 2370.
41
What is the remainder when 3132 is divided by 503?
114
What is the remainder when 60 is divided by 35?
25
Calculate the remainder when 17475 is divided by 1913.
258
What is the remainder when 11372 is divided by 41?
15
What is the remainder when 7718 is divided by 54?
50
What is the remainder when 4053 is divided by 52?
49
What is the remainder when 426 is divided by 424?
2
Calculate the remainder when 83218 is divided by 365.
363
Calculate the remainder when 6094 is divided by 591.
184
What is the remainder when 319 is divided by 35?
4
Calculate the remainder when 1069189 is divided by 155.
154
Calculate the remainder when 161 is divided by 15.
11
Calculate the remainder when 6754 is divided by 3361.
32
Calculate the remainder when 840600 is divided by 11675.
0
What is the remainder when 2313 is divided by 61?
56
What is the remainder when 917854 is divided by 263?
247
What is the remainder when 15446 is divided by 244?
74
Calculate the remainder when 5346 is divided by 2657.
32
What is the remainder when 2951 is divided by 735?
11
What is the remainder when 8669 is divided by 1254?
1145
Calculate the remainder when 21580 is divided by 11.
9
What is the remainder when 19615 is divided by 16?
15
What is the remainder when 14428 is divided by 14406?
22
What is the remainder when 445 is divided by 192?
61
Calculate the remainder when 14056 is divided by 95.
91
Calculate the remainder when 362249 is divided by 70.
69
What is the remainder when 806 is divided by 15?
11
What is the remainder when 10391 is divided by 108?
23
Calculate the remainder when 1444884 is divided by 53.
51
Calculate the remainder when 9918 is divided by 2248.
926
Calculate the remainder when 58381 is divided by 8337.
22
What is the remainder when 9025 is divided by 51?
49
What is the remainder when 19767 is divided by 9875?
17
What is the remainder when 167716 is divided by 1089?
10
Calculate the remainder when 61690 is divided by 212.
210
Calculate the remainder when 169445 is divided by 24204.
17
Calculate the remainder when 3872 is divided by 1898.
76
Calculate the remainder when 141851 is divided by 176.
171
What is the remainder when 1199880 is divided by 57136?
24
Calculate the remainder when 86 is divided by 62.
24
Calculate the remainder when 5072268 is divided by 35.
33
Calculate the remainder when 170997 is divided by 14.
1
What is the remainder when 30165 is divided by 419?
416
Calculate the remainder when 2396 is divided by 510.
356
Calculate the remainder when 279339 is divided by 50.
39
What is the remainder when 39588 is divided by 1885?
3
What is the remainder when 15684 is divided by 271?
237
What is the remainder when 7573 is divided by 92?
29
Calculate the remainder when 4111 is divided by 4014.
97
What is the remainder when 2026 is divided by 96?
10
What is the remainder when 45308 is divided by 12?
8
Calculate the remainder when 6866 is divided by 760.
26
What is the remainder when 3171 is divided by 144?
3
What is the remainder when 31980 is divided by 7987?
32
What is the remainder when 61475 is divided by 23?
19
What is the remainder when 8524 is divided by 140?
124
Calculate the remainder when 3753 is divided by 703.
238
What is the remainder when 61354 is divided by 67?
49
What is the remainder when 79650 is divided by 4964?
226
What is the remainder when 11258 is divided by 559?
78
Calculate the remainder when 3082 is divided by 339.
31
Calculate the remainder when 31273 is divided by 366.
163
Calculate the remainder when 27740 is divided by 167.
18
What is the remainder when 11459 is divided by 61?
52
Calculate the remainder when 55755 is divided by 171.
9
Calculate the remainder when 535 is divided by 423.
112
What is the remainder when 1128601 is divided by 37?
27
Calculate the remainder when 194 is divided by 83.
28
What is the remainder when 11371 is divided by 11351?
20
Calculate the remainder when 624775 is divided by 163.
159
Calculate the remainder when 17788 is divided by 1967.
85
Calculate the remainder when 19162 is divided by 144.
10
Calculate the remainder when 555253 is divided by 281.
278
What is the remainder when 3700 is divided by 173?
67
What is the remainder when 39570 is divided by 177?
99
What is the remainder when 5371109 is divided by 461?
459
What is the remainder when 48828 is divided by 1135?
23
What is the remainder when 53622 is divided by 262?
174
What is the remainder when 58549 is divided by 673?
671
What is the remainder when 8351 is divided by 461?
53
Calculate the remainder when 2026931 is divided by 962.
959
Calculate the remainder when 60397 is divided by 133.
15
Calculate the remainder when 6348 is divided by 2034.
246
Calculate the remainder when 2089 is divided by 485.
149
What is the remainder when 194963 is divided by 14?
13
What is the remainder when 1402 is divided by 125?
27
What is the remainder when 4710759 is divided by 441?
438
What is the remainder when 68755 is divided by 140?
15
Calculate the remainder when 276184 is divided by 138073.
38
Calculate the remainder when 7196 is divided by 66.
2
Calculate the remainder when 7839 is divided by 312.
39
What is the remainder when 15250 is divided by 3045?
25
What is the remainder when 3041 is divided by 2884?
157
Calculate the remainder when 1070924 is divided by 11.
8
What is the remainder when 3716 is divided by 223?
148
Calculate the remainder when 8526 is divided by 621.
453
What is the remainder when 17176 is divided by 903?
19
What is the remainder when 805415 is divided by 37?
36
Calculate the remainder when 170425 is divided by 197.
20
Calculate the remainder when 1839 is divided by 40.
39
What is the remainder when 87197 is divided by 91?
19
What is the remainder when 1170495 is divided by 87?
84
Calculate the remainder when 203877 is divided by 664.
29
Calculate the remainder when 1369918 is divided by 80.
78
Calculate the remainder when 16561 is divided by 507.
337
What is the remainder when 257627 is divided by 211?
207
Calculate the remainder when 202 is divided by 102.
100
Calculate the remainder when 14928 is divided by 1781.
680
What is the remainder when 111363 is divided by 538?
535
Calculate the remainder when 97626 is divided by 96.
90
What is the remainder when 12652 is divided by 766?
396
Calculate the remainder when 1045185 is divided by 158.
15
What is the remainder when 47138 is divided by 97?
93
Calculate the remainder when 35451 is divided by 114.
111
Calculate the remainder when 130799 is divided by 17.
1
Calculate the remainder when 43312 is divided by 284.
144
What is the remainder when 12251 is divided by 2035?
41
Calculate the remainder when 94829 is divided by 23705.
9
What is the remainder when 6231 is divided by 6212?
19
What is the remainder when 4547 is divided by 34?
25
Calculate the remainder when 593450 is divided by 464.
458
What is the remainder when 785 is divided by 26?
5
Calculate the remainder when 32765 is divided by 66.
29
What is the remainder when 45180 is divided by 16?
12
What is the remainder when 60404 is divided by 4024?
44
What is the remainder when 309627 is divided by 11908?
19
Calculate the remainder when 393884 is divided by 33.
29
Calculate the remainder when 30246 is divided by 199.
197
What is the remainder when 2063 is divided by 660?
83
Calculate the remainder when 4330 is divided by 394.
390
What is the remainder when 643 is divided by 481?
162
Calculate the remainder when 19245 is divided by 114.
93
What is the remainder when 2558 is divided by 1259?
40
What is the remainder when 26484 is divided by 76?
36
What is the remainder when 11137 is divided by 224?
161
Calculate the remainder when 5154280 is divided by 38.
36
What is the remainder when 137133 is divided by 313?
39
Calculate the remainder when 3956 is divided by 128.
116
Calculate the remainder when 222498 is divided by 323.
274
Calculate the remainder when 369416 is divided by 592.
8
What is the remainder when 72465 is divided by 12?
9
Calculate the remainder when 557118 is divided by 160.
158
Calculate the remainder when 196863 is divided by 16.
15
What is the remainder when 11460 is divided by 51?
36
What is the remainder when 545156 is divided by 60?
5